{"id":19,"date":"2014-10-16T16:07:41","date_gmt":"2014-10-16T14:07:41","guid":{"rendered":"http:\/\/patincekupele.sk\/?page_id=19"},"modified":"2023-11-13T16:41:15","modified_gmt":"2023-11-13T14:41:15","slug":"kontakt","status":"publish","type":"page","link":"https:\/\/patincekupele.sk\/?page_id=19","title":{"rendered":"Kontakt"},"content":{"rendered":"<div class=\"wpb-content-wrapper\">[vc_row][vc_column width=&#8220;2\/3&#8243;][vc_column_text]<div  class=\"x-map embed with-container\" ><div class=\"x-map-inner\">\n<p><iframe loading=\"lazy\" style=\"border: 0;\" src=\"https:\/\/www.google.com\/maps\/embed?pb=!1m14!1m8!1m3!1d2682.853571585348!2d18.31044202781676!3d47.745495748863235!3m2!1i1024!2i768!4f13.1!3m3!1m2!1s0x0000000000000000%3A0x59ba4b2cee2b3ac0!2sK%C3%BApele+Patince!5e0!3m2!1shu!2ssk!4v1421825809797\" width=\"452\" height=\"339\" frameborder=\"0\"><\/iframe><\/p>\n<\/div><\/div>[\/vc_column_text][\/vc_column][vc_column width=&#8220;1\/3&#8243;][vc_column_text]<h3>KONTAKT<\/h3>\n<div><em>Patince k\u00fapele \u010d.292<\/em><\/div>\n<div><em>E-mail:<\/em> <a href=\"mailto:bonaparte@bonaparte.sk\">bonaparte@bonaparte.sk<\/a><\/div>\n<div>\n<p><em>Tel.:<\/em><\/p>\n<ul>\n<li>+421 902 179 079<\/li>\n<li>+421 903 444 834<\/li>\n<li>+421 35 7731 444<\/li>\n<\/ul>\n<\/div>\n<div><\/div>\n<div><em>I\u010cO:<\/em> 34100466<\/div>\n[\/vc_column_text][\/vc_column][\/vc_row][vc_row][vc_column]\n<div class=\"wpcf7 no-js\" id=\"wpcf7-f59-o1\" lang=\"sk-SK\" dir=\"ltr\">\n<div class=\"screen-reader-response\"><p role=\"status\" aria-live=\"polite\" aria-atomic=\"true\"><\/p> <ul><\/ul><\/div>\n<form action=\"\/index.php?rest_route=%2Fwp%2Fv2%2Fpages%2F19#wpcf7-f59-o1\" method=\"post\" class=\"wpcf7-form init\" aria-label=\"Kontaktn\u00fd formul\u00e1r\" novalidate=\"novalidate\" data-status=\"init\">\n<div style=\"display: none;\">\n<input type=\"hidden\" name=\"_wpcf7\" value=\"59\" \/>\n<input type=\"hidden\" name=\"_wpcf7_version\" value=\"5.8.6\" \/>\n<input type=\"hidden\" name=\"_wpcf7_locale\" value=\"sk_SK\" \/>\n<input type=\"hidden\" name=\"_wpcf7_unit_tag\" value=\"wpcf7-f59-o1\" \/>\n<input type=\"hidden\" name=\"_wpcf7_container_post\" value=\"0\" \/>\n<input type=\"hidden\" name=\"_wpcf7_posted_data_hash\" value=\"\" \/>\n<input type=\"hidden\" name=\"_wpcf7dtx_version\" value=\"5.0.2\" \/>\n<input type=\"hidden\" name=\"_wpcf7_recaptcha_response\" value=\"\" \/>\n<\/div>\n<table border=\"0\" width=\"100%\">\n\t<tr>\n\t\t<th width=\"128\" scope=\"col\">\n\t\t\t<p>Meno:\n\t\t\t<\/p>\n\t\t<\/th>\n\t\t<th width=\"144\" scope=\"col\">\n\t\t\t<p>Va\u0161a spr\u00e1va:\n\t\t\t<\/p>\n\t\t<\/th>\n\t<\/tr>\n\t<tr>\n\t\t<th scope=\"row\">\n\t\t\t<p><span class=\"wpcf7-form-control-wrap\" data-name=\"your-name\"><input size=\"40\" class=\"wpcf7-form-control wpcf7-text wpcf7-validates-as-required\" aria-required=\"true\" aria-invalid=\"false\" value=\"\" type=\"text\" name=\"your-name\" \/><\/span>\n\t\t\t<\/p>\n\t\t<\/th>\n\t\t<td rowspan=\"3\">\n\t\t\t<p><span class=\"wpcf7-form-control-wrap\" data-name=\"your-message\"><textarea cols=\"40\" rows=\"10\" class=\"wpcf7-form-control wpcf7-textarea\" aria-invalid=\"false\" name=\"your-message\"><\/textarea><\/span>\n\t\t\t<\/p>\n\t\t<\/td>\n\t<\/tr>\n\t<tr>\n\t\t<th scope=\"row\">\n\t\t\t<p>E-mail:\n\t\t\t<\/p>\n\t\t<\/th>\n\t<\/tr>\n\t<tr>\n\t\t<th scope=\"row\">\n\t\t\t<p><span class=\"wpcf7-form-control-wrap\" data-name=\"your-email\"><input size=\"40\" class=\"wpcf7-form-control wpcf7-email wpcf7-validates-as-required wpcf7-text wpcf7-validates-as-email\" aria-required=\"true\" aria-invalid=\"false\" value=\"\" type=\"email\" name=\"your-email\" \/><\/span><br \/>\n<span class=\"wpcf7-form-control-wrap\" data-name=\"acceptance-29\"><span class=\"wpcf7-form-control wpcf7-acceptance\"><span class=\"wpcf7-list-item\"><input type=\"checkbox\" name=\"acceptance-29\" value=\"1\" aria-invalid=\"false\" \/><\/span><\/span><\/span> Pre\u010d\u00edtal som si a s\u00fahlas\u00edm s <a href=\"\/ochrany-osobnych-udajov\/\" target=\"_blank\">Vyhl\u00e1sen\u00edm o ochrane osobn\u00fdch \u00fadajov<\/a>\n\t\t\t<\/p>\n\t\t<\/th>\n\t<\/tr>\n<\/table>\n<p><input class=\"wpcf7-form-control wpcf7-submit has-spinner\" type=\"submit\" value=\"Odosla\u0165\" \/>\n<\/p><div class=\"wpcf7-response-output\" aria-hidden=\"true\"><\/div>\n<\/form>\n<\/div>\n[\/vc_column][\/vc_row]\n<\/div>","protected":false},"excerpt":{"rendered":"<p>[vc_row][vc_column width=&#8220;2\/3&#8243;][vc_column_text][\/vc_column_text][\/vc_column][vc_column width=&#8220;1\/3&#8243;][vc_column_text][\/vc_column_text][\/vc_column][\/vc_row][vc_row][vc_column][\/vc_column][\/vc_row]<\/p>\n","protected":false},"author":2,"featured_media":0,"parent":0,"menu_order":0,"comment_status":"closed","ping_status":"open","template":"template-blank-1.php","meta":{"footnotes":""},"class_list":["post-19","page","type-page","status-publish","hentry","no-post-thumbnail"],"yoast_head":"<!-- This site is optimized with the Yoast SEO plugin v21.9.1 - https:\/\/yoast.com\/wordpress\/plugins\/seo\/ -->\n<title>Kontakt - Patince K\u00fapele<\/title>\n<meta name=\"robots\" content=\"index, follow, max-snippet:-1, max-image-preview:large, max-video-preview:-1\" \/>\n<link rel=\"canonical\" href=\"https:\/\/patincekupele.sk\/?page_id=19\" \/>\n<meta property=\"og:locale\" content=\"sk_SK\" \/>\n<meta property=\"og:type\" content=\"article\" \/>\n<meta property=\"og:title\" content=\"Kontakt - Patince K\u00fapele\" \/>\n<meta property=\"og:description\" content=\"[vc_row][vc_column width=&#8220;2\/3&#8243;][vc_column_text][\/vc_column_text][\/vc_column][vc_column width=&#8220;1\/3&#8243;][vc_column_text][\/vc_column_text][\/vc_column][\/vc_row][vc_row][vc_column][\/vc_column][\/vc_row]\" \/>\n<meta property=\"og:url\" content=\"https:\/\/patincekupele.sk\/?page_id=19\" \/>\n<meta property=\"og:site_name\" content=\"Patince K\u00fapele\" \/>\n<meta property=\"article:publisher\" content=\"https:\/\/www.facebook.com\/patince.kupele?fref=ts\" \/>\n<meta property=\"article:modified_time\" content=\"2023-11-13T14:41:15+00:00\" \/>\n<meta name=\"twitter:label1\" content=\"Predpokladan\u00fd \u010das \u010d\u00edtania\" \/>\n\t<meta name=\"twitter:data1\" content=\"1 min\u00fata\" \/>\n<script type=\"application\/ld+json\" class=\"yoast-schema-graph\">{\"@context\":\"https:\/\/schema.org\",\"@graph\":[{\"@type\":\"WebPage\",\"@id\":\"https:\/\/patincekupele.sk\/?page_id=19\",\"url\":\"https:\/\/patincekupele.sk\/?page_id=19\",\"name\":\"Kontakt - Patince K\u00fapele\",\"isPartOf\":{\"@id\":\"https:\/\/patincekupele.sk\/#website\"},\"datePublished\":\"2014-10-16T14:07:41+00:00\",\"dateModified\":\"2023-11-13T14:41:15+00:00\",\"breadcrumb\":{\"@id\":\"https:\/\/patincekupele.sk\/?page_id=19#breadcrumb\"},\"inLanguage\":\"sk-SK\",\"potentialAction\":[{\"@type\":\"ReadAction\",\"target\":[\"https:\/\/patincekupele.sk\/?page_id=19\"]}]},{\"@type\":\"BreadcrumbList\",\"@id\":\"https:\/\/patincekupele.sk\/?page_id=19#breadcrumb\",\"itemListElement\":[{\"@type\":\"ListItem\",\"position\":1,\"name\":\"Dom\u00e1ca str\u00e1nka\",\"item\":\"https:\/\/patincekupele.sk\/\"},{\"@type\":\"ListItem\",\"position\":2,\"name\":\"Kontakt\"}]},{\"@type\":\"WebSite\",\"@id\":\"https:\/\/patincekupele.sk\/#website\",\"url\":\"https:\/\/patincekupele.sk\/\",\"name\":\"Patince K\u00fapele\",\"description\":\"\",\"potentialAction\":[{\"@type\":\"SearchAction\",\"target\":{\"@type\":\"EntryPoint\",\"urlTemplate\":\"https:\/\/patincekupele.sk\/?s={search_term_string}\"},\"query-input\":\"required name=search_term_string\"}],\"inLanguage\":\"sk-SK\"}]}<\/script>\n<!-- \/ Yoast SEO plugin. -->","yoast_head_json":{"title":"Kontakt - Patince K\u00fapele","robots":{"index":"index","follow":"follow","max-snippet":"max-snippet:-1","max-image-preview":"max-image-preview:large","max-video-preview":"max-video-preview:-1"},"canonical":"https:\/\/patincekupele.sk\/?page_id=19","og_locale":"sk_SK","og_type":"article","og_title":"Kontakt - Patince K\u00fapele","og_description":"[vc_row][vc_column width=&#8220;2\/3&#8243;][vc_column_text][\/vc_column_text][\/vc_column][vc_column width=&#8220;1\/3&#8243;][vc_column_text][\/vc_column_text][\/vc_column][\/vc_row][vc_row][vc_column][\/vc_column][\/vc_row]","og_url":"https:\/\/patincekupele.sk\/?page_id=19","og_site_name":"Patince K\u00fapele","article_publisher":"https:\/\/www.facebook.com\/patince.kupele?fref=ts","article_modified_time":"2023-11-13T14:41:15+00:00","twitter_misc":{"Predpokladan\u00fd \u010das \u010d\u00edtania":"1 min\u00fata"},"schema":{"@context":"https:\/\/schema.org","@graph":[{"@type":"WebPage","@id":"https:\/\/patincekupele.sk\/?page_id=19","url":"https:\/\/patincekupele.sk\/?page_id=19","name":"Kontakt - Patince K\u00fapele","isPartOf":{"@id":"https:\/\/patincekupele.sk\/#website"},"datePublished":"2014-10-16T14:07:41+00:00","dateModified":"2023-11-13T14:41:15+00:00","breadcrumb":{"@id":"https:\/\/patincekupele.sk\/?page_id=19#breadcrumb"},"inLanguage":"sk-SK","potentialAction":[{"@type":"ReadAction","target":["https:\/\/patincekupele.sk\/?page_id=19"]}]},{"@type":"BreadcrumbList","@id":"https:\/\/patincekupele.sk\/?page_id=19#breadcrumb","itemListElement":[{"@type":"ListItem","position":1,"name":"Dom\u00e1ca str\u00e1nka","item":"https:\/\/patincekupele.sk\/"},{"@type":"ListItem","position":2,"name":"Kontakt"}]},{"@type":"WebSite","@id":"https:\/\/patincekupele.sk\/#website","url":"https:\/\/patincekupele.sk\/","name":"Patince K\u00fapele","description":"","potentialAction":[{"@type":"SearchAction","target":{"@type":"EntryPoint","urlTemplate":"https:\/\/patincekupele.sk\/?s={search_term_string}"},"query-input":"required name=search_term_string"}],"inLanguage":"sk-SK"}]}},"_links":{"self":[{"href":"https:\/\/patincekupele.sk\/index.php?rest_route=\/wp\/v2\/pages\/19","targetHints":{"allow":["GET"]}}],"collection":[{"href":"https:\/\/patincekupele.sk\/index.php?rest_route=\/wp\/v2\/pages"}],"about":[{"href":"https:\/\/patincekupele.sk\/index.php?rest_route=\/wp\/v2\/types\/page"}],"author":[{"embeddable":true,"href":"https:\/\/patincekupele.sk\/index.php?rest_route=\/wp\/v2\/users\/2"}],"replies":[{"embeddable":true,"href":"https:\/\/patincekupele.sk\/index.php?rest_route=%2Fwp%2Fv2%2Fcomments&post=19"}],"version-history":[{"count":1,"href":"https:\/\/patincekupele.sk\/index.php?rest_route=\/wp\/v2\/pages\/19\/revisions"}],"predecessor-version":[{"id":905,"href":"https:\/\/patincekupele.sk\/index.php?rest_route=\/wp\/v2\/pages\/19\/revisions\/905"}],"wp:attachment":[{"href":"https:\/\/patincekupele.sk\/index.php?rest_route=%2Fwp%2Fv2%2Fmedia&parent=19"}],"curies":[{"name":"wp","href":"https:\/\/api.w.org\/{rel}","templated":true}]}}